{"id":474,"date":"2026-03-19T22:46:13","date_gmt":"2026-03-19T21:46:13","guid":{"rendered":"https:\/\/lamelin2.infit.com.pl\/?post_type=product&#038;p=474"},"modified":"2026-04-21T17:36:37","modified_gmt":"2026-04-21T15:36:37","slug":"lamelin-krem-przeciwsloneczny-z-kwasem-hialuronowym","status":"publish","type":"product","link":"https:\/\/lamelin2.infit.com.pl\/?product=lamelin-krem-przeciwsloneczny-z-kwasem-hialuronowym","title":{"rendered":"LAMELIN Krem Przeciws\u0142oneczny z Kwasem Hialuronowym"},"content":{"rendered":"<p>Nawil\u017caj\u0105cy krem z filtrem o lekkiej, niet\u0142ustej konsystencji lotionu, zawieraj\u0105cy podw\u00f3jn\u0105 dawk\u0119 kwasu hialuronowego dla maksymalnego nawil\u017cenia.<br \/>\nKosmetyki o potr\u00f3jnym dzia\u0142aniu: Przeciwzmarszczkowe, rozja\u015bniaj\u0105ce i chroni\u0105ce przed UV<\/p>\n<h3>Polecany dla<\/h3>\n<ul>\n<li>Dla os\u00f3b, kt\u00f3re oczekuj\u0105 lekkiego, nawil\u017caj\u0105cego kremu z filtrem, bez uczucia t\u0142usto\u015bci.<\/li>\n<li>Dla tych, kt\u00f3rzy szukaj\u0105 delikatnej ochrony przeciws\u0142onecznej.<\/li>\n<\/ul>\n<h3>G\u0142\u00f3wne sk\u0142adniki<\/h3>\n<ul>\n<li>Kwas hialuronowy<\/li>\n<li>S\u00f3l sodowa kwasu hialuronowego<\/li>\n<li>Ekstrakt z li\u015bci aloesu<\/li>\n<li>Hydrolizowany kolagen<\/li>\n<\/ul>\n","protected":false},"excerpt":{"rendered":"<p>Krem przeciws\u0142oneczny z Kwasem Hialuronowym 70ml<\/p>\n","protected":false},"featured_media":0,"comment_status":"open","ping_status":"closed","template":"","meta":{"_kad_blocks_custom_css":"","_kad_blocks_head_custom_js":"","_kad_blocks_body_custom_js":"","_kad_blocks_footer_custom_js":"","_kad_post_transparent":"default","_kad_post_title":"","_kad_post_layout":"default","_kad_post_sidebar_id":"","_kad_post_content_style":"default","_kad_post_vertical_padding":"default","_kad_post_feature":"","_kad_post_feature_position":"","_kad_post_header":false,"_kad_post_footer":false,"_kad_post_classname":""},"product_brand":[],"product_cat":[19],"product_tag":[],"class_list":{"0":"post-474","1":"product","2":"type-product","3":"status-publish","5":"product_cat-ochrona-przeciwsloneczna","7":"first","8":"instock","9":"taxable","10":"shipping-taxable","11":"purchasable","12":"product-type-simple","13":"entry","14":"content-bg","15":"loop-entry"},"taxonomy_info":{"product_cat":[{"value":19,"label":"Ochrona przeciws\u0142oneczna"}]},"featured_image_src_large":false,"author_info":[],"comment_info":0,"_links":{"self":[{"href":"https:\/\/lamelin2.infit.com.pl\/index.php?rest_route=\/wp\/v2\/product\/474","targetHints":{"allow":["GET"]}}],"collection":[{"href":"https:\/\/lamelin2.infit.com.pl\/index.php?rest_route=\/wp\/v2\/product"}],"about":[{"href":"https:\/\/lamelin2.infit.com.pl\/index.php?rest_route=\/wp\/v2\/types\/product"}],"replies":[{"embeddable":true,"href":"https:\/\/lamelin2.infit.com.pl\/index.php?rest_route=%2Fwp%2Fv2%2Fcomments&post=474"}],"wp:attachment":[{"href":"https:\/\/lamelin2.infit.com.pl\/index.php?rest_route=%2Fwp%2Fv2%2Fmedia&parent=474"}],"wp:term":[{"taxonomy":"product_brand","embeddable":true,"href":"https:\/\/lamelin2.infit.com.pl\/index.php?rest_route=%2Fwp%2Fv2%2Fproduct_brand&post=474"},{"taxonomy":"product_cat","embeddable":true,"href":"https:\/\/lamelin2.infit.com.pl\/index.php?rest_route=%2Fwp%2Fv2%2Fproduct_cat&post=474"},{"taxonomy":"product_tag","embeddable":true,"href":"https:\/\/lamelin2.infit.com.pl\/index.php?rest_route=%2Fwp%2Fv2%2Fproduct_tag&post=474"}],"curies":[{"name":"wp","href":"https:\/\/api.w.org\/{rel}","templated":true}]}}

LAMELIN Krem Przeciwsłoneczny z Kwasem Hialuronowym

<p>Nawilżający krem z filtrem o lekkiej, nietłustej konsystencji lotionu, zawierający podwójną dawkę kwasu hialuronowego dla maksymalnego nawilżenia.<br />
Kosmetyki o potrójnym działaniu: Przeciwzmarszczkowe, rozjaśniające i chroniące przed UV</p>
<h3>Polecany dla</h3>
<ul>
<li>Dla osób, które oczekują lekkiego, nawilżającego kremu z filtrem, bez uczucia tłustości.</li>
<li>Dla tych, którzy szukają delikatnej ochrony przeciwsłonecznej.</li>
</ul>
<h3>Główne składniki</h3>
<ul>
<li>Kwas hialuronowy</li>
<li>Sól sodowa kwasu hialuronowego</li>
<li>Ekstrakt z liści aloesu</li>
<li>Hydrolizowany kolagen</li>
</ul>

<p>Krem przeciwsłoneczny z Kwasem Hialuronowym 70ml</p>

Ochrona przeciwsłoneczna
