{"id":473,"date":"2026-03-19T22:45:40","date_gmt":"2026-03-19T21:45:40","guid":{"rendered":"https:\/\/lamelin2.infit.com.pl\/?post_type=product&#038;p=473"},"modified":"2026-04-21T17:36:39","modified_gmt":"2026-04-21T15:36:39","slug":"lamelin-nawilzajacy-krem-przeciwsloneczny-do-codziennego-stosowania","status":"publish","type":"product","link":"https:\/\/lamelin2.infit.com.pl\/?product=lamelin-nawilzajacy-krem-przeciwsloneczny-do-codziennego-stosowania","title":{"rendered":"LAMELIN Nawil\u017caj\u0105cy Krem Przeciws\u0142oneczny do Codziennego Stosowania"},"content":{"rendered":"<p>Potr\u00f3jnie funkcjonalny krem przeciws\u0142oneczny o kremowej, nawil\u017caj\u0105cej konsystencji, kt\u00f3ry aplikuje si\u0119 mi\u0119kko i delikatnie.<br \/>\nPotr\u00f3jne dzia\u0142anie: poprawa zmarszczek, rozja\u015bnianie i ochrona UV<\/p>\n<h3>Polecane dla<\/h3>\n<ul>\n<li>Os\u00f3b, kt\u00f3re chc\u0105 u\u017cywa\u0107 kremu przeciws\u0142onecznego codziennie, jak krem nawil\u017caj\u0105cy<\/li>\n<li>Os\u00f3b, kt\u00f3re mia\u0142y problem z suchymi i ci\u0119\u017ckimi kremami z filtrem<\/li>\n<\/ul>\n<h3>G\u0142\u00f3wne sk\u0142adniki<\/h3>\n<ul>\n<li>Ekstrakt z Bambusa vulgaris<\/li>\n<li>Hialuronian sodu<\/li>\n<li>Kwas hialuronowy<\/li>\n<\/ul>\n","protected":false},"excerpt":{"rendered":"<p>Nawil\u017caj\u0105cy krem przeciws\u0142oneczny na codzie\u0144 50 ml<\/p>\n","protected":false},"featured_media":0,"comment_status":"open","ping_status":"closed","template":"","meta":{"_kad_blocks_custom_css":"","_kad_blocks_head_custom_js":"","_kad_blocks_body_custom_js":"","_kad_blocks_footer_custom_js":"","_kad_post_transparent":"default","_kad_post_title":"","_kad_post_layout":"default","_kad_post_sidebar_id":"","_kad_post_content_style":"default","_kad_post_vertical_padding":"default","_kad_post_feature":"","_kad_post_feature_position":"","_kad_post_header":false,"_kad_post_footer":false,"_kad_post_classname":""},"product_brand":[],"product_cat":[19],"product_tag":[],"class_list":{"0":"post-473","1":"product","2":"type-product","3":"status-publish","5":"product_cat-ochrona-przeciwsloneczna","7":"first","8":"instock","9":"taxable","10":"shipping-taxable","11":"purchasable","12":"product-type-simple","13":"entry","14":"content-bg","15":"loop-entry"},"taxonomy_info":{"product_cat":[{"value":19,"label":"Ochrona przeciws\u0142oneczna"}]},"featured_image_src_large":false,"author_info":[],"comment_info":0,"_links":{"self":[{"href":"https:\/\/lamelin2.infit.com.pl\/index.php?rest_route=\/wp\/v2\/product\/473","targetHints":{"allow":["GET"]}}],"collection":[{"href":"https:\/\/lamelin2.infit.com.pl\/index.php?rest_route=\/wp\/v2\/product"}],"about":[{"href":"https:\/\/lamelin2.infit.com.pl\/index.php?rest_route=\/wp\/v2\/types\/product"}],"replies":[{"embeddable":true,"href":"https:\/\/lamelin2.infit.com.pl\/index.php?rest_route=%2Fwp%2Fv2%2Fcomments&post=473"}],"wp:attachment":[{"href":"https:\/\/lamelin2.infit.com.pl\/index.php?rest_route=%2Fwp%2Fv2%2Fmedia&parent=473"}],"wp:term":[{"taxonomy":"product_brand","embeddable":true,"href":"https:\/\/lamelin2.infit.com.pl\/index.php?rest_route=%2Fwp%2Fv2%2Fproduct_brand&post=473"},{"taxonomy":"product_cat","embeddable":true,"href":"https:\/\/lamelin2.infit.com.pl\/index.php?rest_route=%2Fwp%2Fv2%2Fproduct_cat&post=473"},{"taxonomy":"product_tag","embeddable":true,"href":"https:\/\/lamelin2.infit.com.pl\/index.php?rest_route=%2Fwp%2Fv2%2Fproduct_tag&post=473"}],"curies":[{"name":"wp","href":"https:\/\/api.w.org\/{rel}","templated":true}]}}

LAMELIN Nawilżający Krem Przeciwsłoneczny do Codziennego Stosowania

<p>Potrójnie funkcjonalny krem przeciwsłoneczny o kremowej, nawilżającej konsystencji, który aplikuje się miękko i delikatnie.<br />
Potrójne działanie: poprawa zmarszczek, rozjaśnianie i ochrona UV</p>
<h3>Polecane dla</h3>
<ul>
<li>Osób, które chcą używać kremu przeciwsłonecznego codziennie, jak krem nawilżający</li>
<li>Osób, które miały problem z suchymi i ciężkimi kremami z filtrem</li>
</ul>
<h3>Główne składniki</h3>
<ul>
<li>Ekstrakt z Bambusa vulgaris</li>
<li>Hialuronian sodu</li>
<li>Kwas hialuronowy</li>
</ul>

<p>Nawilżający krem przeciwsłoneczny na codzień 50 ml</p>

Ochrona przeciwsłoneczna
