{"id":383,"date":"2026-03-18T20:33:27","date_gmt":"2026-03-18T19:33:27","guid":{"rendered":"https:\/\/lamelin2.infit.com.pl\/?post_type=product&#038;p=383"},"modified":"2026-04-21T19:49:41","modified_gmt":"2026-04-21T17:49:41","slug":"lamelin-baza-pod-makijaz-wygladzajaca-pory","status":"publish","type":"product","link":"https:\/\/lamelin2.infit.com.pl\/?product=lamelin-baza-pod-makijaz-wygladzajaca-pory","title":{"rendered":"LAMELIN Baza Pod Makija\u017c Wyg\u0142adzaj\u0105ca Pory"},"content":{"rendered":"<p>Air Fit Baza wyg\u0142adzaj\u0105ca pory 40ml<\/p>\n<h3>Polecany dla<\/h3>\n<ul>\n<li>Os\u00f3b borykaj\u0105cych si\u0119 z przesuszeniem sk\u00f3ry i szybkim \u015bcieraniem makija\u017cu<\/li>\n<li>Tych, kt\u00f3rzy chc\u0105 przed\u0142u\u017cy\u0107 trwa\u0142o\u015b\u0107 makija\u017cu<\/li>\n<\/ul>\n<h3>G\u0142\u00f3wne sk\u0142adniki<\/h3>\n<ul>\n<li>Gliceryna<\/li>\n<li>Ekstrakt z galangi (Galanga galangal)<\/li>\n<li>Ekstrakt z owoc\u00f3w camu camu<\/li>\n<li>Ekstrakt z \u015bnie\u017cnego lotosu<\/li>\n<li>Ferment Aspergillus<\/li>\n<\/ul>\n","protected":false},"excerpt":{"rendered":"<p>Baza o od\u015bwie\u017caj\u0105cym wyko\u0144czeniu, kt\u00f3ra wyg\u0142adza nier\u00f3wno\u015bci sk\u00f3ry i zmniejsza widoczno\u015b\u0107 por\u00f3w.<\/p>\n","protected":false},"featured_media":1530,"comment_status":"open","ping_status":"closed","template":"","meta":{"_kad_blocks_custom_css":"","_kad_blocks_head_custom_js":"","_kad_blocks_body_custom_js":"","_kad_blocks_footer_custom_js":"","_kad_post_transparent":"default","_kad_post_title":"","_kad_post_layout":"default","_kad_post_sidebar_id":"","_kad_post_content_style":"default","_kad_post_vertical_padding":"default","_kad_post_feature":"","_kad_post_feature_position":"","_kad_post_header":false,"_kad_post_footer":false,"_kad_post_classname":""},"product_brand":[],"product_cat":[18],"product_tag":[],"class_list":{"0":"post-383","1":"product","2":"type-product","3":"status-publish","4":"has-post-thumbnail","6":"product_cat-makijaz","8":"first","9":"instock","10":"taxable","11":"shipping-taxable","12":"purchasable","13":"product-type-simple","14":"entry","15":"content-bg","16":"loop-entry"},"taxonomy_info":{"product_cat":[{"value":18,"label":"Makija\u017c"}]},"featured_image_src_large":["https:\/\/lamelin2.infit.com.pl\/wp-content\/uploads\/2026\/03\/lamelin-baza-pod-makijaz-wygladzajaca-pory.webp",1000,1000,false],"author_info":[],"comment_info":0,"_links":{"self":[{"href":"https:\/\/lamelin2.infit.com.pl\/index.php?rest_route=\/wp\/v2\/product\/383","targetHints":{"allow":["GET"]}}],"collection":[{"href":"https:\/\/lamelin2.infit.com.pl\/index.php?rest_route=\/wp\/v2\/product"}],"about":[{"href":"https:\/\/lamelin2.infit.com.pl\/index.php?rest_route=\/wp\/v2\/types\/product"}],"replies":[{"embeddable":true,"href":"https:\/\/lamelin2.infit.com.pl\/index.php?rest_route=%2Fwp%2Fv2%2Fcomments&post=383"}],"wp:featuredmedia":[{"embeddable":true,"href":"https:\/\/lamelin2.infit.com.pl\/index.php?rest_route=\/wp\/v2\/media\/1530"}],"wp:attachment":[{"href":"https:\/\/lamelin2.infit.com.pl\/index.php?rest_route=%2Fwp%2Fv2%2Fmedia&parent=383"}],"wp:term":[{"taxonomy":"product_brand","embeddable":true,"href":"https:\/\/lamelin2.infit.com.pl\/index.php?rest_route=%2Fwp%2Fv2%2Fproduct_brand&post=383"},{"taxonomy":"product_cat","embeddable":true,"href":"https:\/\/lamelin2.infit.com.pl\/index.php?rest_route=%2Fwp%2Fv2%2Fproduct_cat&post=383"},{"taxonomy":"product_tag","embeddable":true,"href":"https:\/\/lamelin2.infit.com.pl\/index.php?rest_route=%2Fwp%2Fv2%2Fproduct_tag&post=383"}],"curies":[{"name":"wp","href":"https:\/\/api.w.org\/{rel}","templated":true}]}}

LAMELIN Baza Pod Makijaż Wygładzająca Pory

<p>Air Fit Baza wygładzająca pory 40ml</p>
<h3>Polecany dla</h3>
<ul>
<li>Osób borykających się z przesuszeniem skóry i szybkim ścieraniem makijażu</li>
<li>Tych, którzy chcą przedłużyć trwałość makijażu</li>
</ul>
<h3>Główne składniki</h3>
<ul>
<li>Gliceryna</li>
<li>Ekstrakt z galangi (Galanga galangal)</li>
<li>Ekstrakt z owoców camu camu</li>
<li>Ekstrakt z śnieżnego lotosu</li>
<li>Ferment Aspergillus</li>
</ul>

<p>Baza o odświeżającym wykończeniu, która wygładza nierówności skóry i zmniejsza widoczność porów.</p>

Makijaż
