{"id":376,"date":"2026-03-18T20:29:05","date_gmt":"2026-03-18T19:29:05","guid":{"rendered":"https:\/\/lamelin2.infit.com.pl\/?post_type=product&#038;p=376"},"modified":"2026-04-21T19:48:45","modified_gmt":"2026-04-21T17:48:45","slug":"lamelin-gleboko-oczyszczajacy-olejek-z-kamelia","status":"publish","type":"product","link":"https:\/\/lamelin2.infit.com.pl\/?product=lamelin-gleboko-oczyszczajacy-olejek-z-kamelia","title":{"rendered":"LAMELIN G\u0142\u0119boko Oczyszczaj\u0105cy Olejek z Kameli\u0105"},"content":{"rendered":"<p>Olejek do demakija\u017cu o doskona\u0142ej skuteczno\u015bci, zawieraj\u0105cy olej z nasion kamelii.<\/p>\n<h3>Polecane dla<\/h3>\n<ul>\n<li>Os\u00f3b, kt\u00f3re ceni\u0105 delikatne, a jednocze\u015bnie skuteczne oczyszczanie<\/li>\n<li>Tych, kt\u00f3rzy pragn\u0105, by sk\u00f3ra pozosta\u0142a nawil\u017cona nawet po oczyszczaniu<\/li>\n<\/ul>\n<h3>G\u0142\u00f3wne sk\u0142adniki<\/h3>\n<ul>\n<li>Olej z nasion kamelii<\/li>\n<li>Olej sojowy<\/li>\n<li>Olej rzepakowy<\/li>\n<li>Olej z nasion jojoby<\/li>\n<li>Olej z pestek arganowych<\/li>\n<\/ul>\n","protected":false},"excerpt":{"rendered":"<p>G\u0142\u0119boko oczyszczaj\u0105cy olejek z kameli\u0105 200 ml<\/p>\n","protected":false},"featured_media":1527,"comment_status":"open","ping_status":"closed","template":"","meta":{"_kad_blocks_custom_css":"","_kad_blocks_head_custom_js":"","_kad_blocks_body_custom_js":"","_kad_blocks_footer_custom_js":"","_kad_post_transparent":"default","_kad_post_title":"","_kad_post_layout":"default","_kad_post_sidebar_id":"","_kad_post_content_style":"default","_kad_post_vertical_padding":"default","_kad_post_feature":"","_kad_post_feature_position":"","_kad_post_header":false,"_kad_post_footer":false,"_kad_post_classname":""},"product_brand":[],"product_cat":[17],"product_tag":[],"class_list":{"0":"post-376","1":"product","2":"type-product","3":"status-publish","4":"has-post-thumbnail","6":"product_cat-oczyszczanie","8":"first","9":"instock","10":"taxable","11":"shipping-taxable","12":"purchasable","13":"product-type-simple","14":"entry","15":"content-bg","16":"loop-entry"},"taxonomy_info":{"product_cat":[{"value":17,"label":"Oczyszczanie"}]},"featured_image_src_large":["https:\/\/lamelin2.infit.com.pl\/wp-content\/uploads\/2026\/03\/lamelin-gleboko-oczyszczajacy-olejek-kamelia.webp",1000,1000,false],"author_info":[],"comment_info":0,"_links":{"self":[{"href":"https:\/\/lamelin2.infit.com.pl\/index.php?rest_route=\/wp\/v2\/product\/376","targetHints":{"allow":["GET"]}}],"collection":[{"href":"https:\/\/lamelin2.infit.com.pl\/index.php?rest_route=\/wp\/v2\/product"}],"about":[{"href":"https:\/\/lamelin2.infit.com.pl\/index.php?rest_route=\/wp\/v2\/types\/product"}],"replies":[{"embeddable":true,"href":"https:\/\/lamelin2.infit.com.pl\/index.php?rest_route=%2Fwp%2Fv2%2Fcomments&post=376"}],"wp:featuredmedia":[{"embeddable":true,"href":"https:\/\/lamelin2.infit.com.pl\/index.php?rest_route=\/wp\/v2\/media\/1527"}],"wp:attachment":[{"href":"https:\/\/lamelin2.infit.com.pl\/index.php?rest_route=%2Fwp%2Fv2%2Fmedia&parent=376"}],"wp:term":[{"taxonomy":"product_brand","embeddable":true,"href":"https:\/\/lamelin2.infit.com.pl\/index.php?rest_route=%2Fwp%2Fv2%2Fproduct_brand&post=376"},{"taxonomy":"product_cat","embeddable":true,"href":"https:\/\/lamelin2.infit.com.pl\/index.php?rest_route=%2Fwp%2Fv2%2Fproduct_cat&post=376"},{"taxonomy":"product_tag","embeddable":true,"href":"https:\/\/lamelin2.infit.com.pl\/index.php?rest_route=%2Fwp%2Fv2%2Fproduct_tag&post=376"}],"curies":[{"name":"wp","href":"https:\/\/api.w.org\/{rel}","templated":true}]}}