{"id":367,"date":"2026-03-18T20:22:54","date_gmt":"2026-03-18T19:22:54","guid":{"rendered":"https:\/\/lamelin2.infit.com.pl\/?post_type=product&#038;p=367"},"modified":"2026-04-21T17:38:21","modified_gmt":"2026-04-21T15:38:21","slug":"lamelin-miracle-serum-biotoks-nmnpdrn","status":"publish","type":"product","link":"https:\/\/lamelin2.infit.com.pl\/?product=lamelin-miracle-serum-biotoks-nmnpdrn","title":{"rendered":"LAMELIN Miracle Serum Biotoks NMN+PDRN"},"content":{"rendered":"<p>Serum zawieraj\u0105ce NMN i PDRN, kt\u00f3re wyg\u0142adza zm\u0119czon\u0105 sk\u00f3r\u0119 i intensywnie j\u0105 nawil\u017ca.<\/p>\n<p>Kosmetyki o podw\u00f3jnym dzia\u0142aniu rozja\u015bniaj\u0105cym i przeciwzmarszczkowym.<\/p>\n<h3>Polecany dla<\/h3>\n<ul>\n<li>Os\u00f3b poszukuj\u0105cych serum na konkretne problemy sk\u00f3rne<\/li>\n<li>Tych, kt\u00f3rzy chc\u0105 serum nawil\u017caj\u0105cego i uj\u0119drniaj\u0105cego sk\u00f3r\u0119&#8221;<\/li>\n<\/ul>\n<h3>G\u0142\u00f3wne sk\u0142adniki<\/h3>\n<ul>\n<li>Mononukleotyd nikotynamidu (NMN)<\/li>\n<li>S\u00f3l sodowa DNA<\/li>\n<li>Niacynamid<\/li>\n<li>Adenozyna&#8221;<\/li>\n<\/ul>\n","protected":false},"excerpt":{"rendered":"<p>Miracle NMN + PDRN<br \/>\nSerum o dzia\u0142aniu botoksu 50g<\/p>\n","protected":false},"featured_media":0,"comment_status":"open","ping_status":"closed","template":"","meta":{"_kad_blocks_custom_css":"","_kad_blocks_head_custom_js":"","_kad_blocks_body_custom_js":"","_kad_blocks_footer_custom_js":"","_kad_post_transparent":"default","_kad_post_title":"","_kad_post_layout":"default","_kad_post_sidebar_id":"","_kad_post_content_style":"default","_kad_post_vertical_padding":"default","_kad_post_feature":"","_kad_post_feature_position":"","_kad_post_header":false,"_kad_post_footer":false,"_kad_post_classname":""},"product_brand":[],"product_cat":[16],"product_tag":[],"class_list":{"0":"post-367","1":"product","2":"type-product","3":"status-publish","5":"product_cat-pielegnacja-skory","7":"first","8":"instock","9":"taxable","10":"shipping-taxable","11":"purchasable","12":"product-type-simple","13":"entry","14":"content-bg","15":"loop-entry"},"taxonomy_info":{"product_cat":[{"value":16,"label":"Piel\u0119gnacja sk\u00f3ry"}]},"featured_image_src_large":false,"author_info":[],"comment_info":0,"_links":{"self":[{"href":"https:\/\/lamelin2.infit.com.pl\/index.php?rest_route=\/wp\/v2\/product\/367","targetHints":{"allow":["GET"]}}],"collection":[{"href":"https:\/\/lamelin2.infit.com.pl\/index.php?rest_route=\/wp\/v2\/product"}],"about":[{"href":"https:\/\/lamelin2.infit.com.pl\/index.php?rest_route=\/wp\/v2\/types\/product"}],"replies":[{"embeddable":true,"href":"https:\/\/lamelin2.infit.com.pl\/index.php?rest_route=%2Fwp%2Fv2%2Fcomments&post=367"}],"wp:attachment":[{"href":"https:\/\/lamelin2.infit.com.pl\/index.php?rest_route=%2Fwp%2Fv2%2Fmedia&parent=367"}],"wp:term":[{"taxonomy":"product_brand","embeddable":true,"href":"https:\/\/lamelin2.infit.com.pl\/index.php?rest_route=%2Fwp%2Fv2%2Fproduct_brand&post=367"},{"taxonomy":"product_cat","embeddable":true,"href":"https:\/\/lamelin2.infit.com.pl\/index.php?rest_route=%2Fwp%2Fv2%2Fproduct_cat&post=367"},{"taxonomy":"product_tag","embeddable":true,"href":"https:\/\/lamelin2.infit.com.pl\/index.php?rest_route=%2Fwp%2Fv2%2Fproduct_tag&post=367"}],"curies":[{"name":"wp","href":"https:\/\/api.w.org\/{rel}","templated":true}]}}