{"id":303,"date":"2026-03-18T00:36:02","date_gmt":"2026-03-17T23:36:02","guid":{"rendered":"https:\/\/lamelin2.infit.com.pl\/?post_type=product&#038;p=303"},"modified":"2026-04-21T19:38:36","modified_gmt":"2026-04-21T17:38:36","slug":"lamelin-krem-korygujaco-wygladzajacy-24k-zloto-14-dniowa-kuracja","status":"publish","type":"product","link":"https:\/\/lamelin2.infit.com.pl\/?product=lamelin-krem-korygujaco-wygladzajacy-24k-zloto-14-dniowa-kuracja","title":{"rendered":"LAMELIN Krem Koryguj\u0105co-Wyg\u0142adzaj\u0105cy 24K Z\u0142oto \u2013 14-dniowa kuracja"},"content":{"rendered":"<p>Krem z ekstraktem ze \u015bluzu \u015blimaka i 24K z\u0142otem, wzmacniaj\u0105cy elastyczno\u015b\u0107 sk\u00f3ry wok\u00f3\u0142 oczu, linii u\u015bmiechu i szyi<br \/>\nKosmetyk o podw\u00f3jnym dzia\u0142aniu: przeciwzmarszczkowy i rozja\u015bniaj\u0105cy<\/p>\n<h3>Polecany dla<\/h3>\n<ul>\n<li>Os\u00f3b z drobnymi zmarszczkami wok\u00f3\u0142 oczu, liniami u\u015bmiechu i podobnymi problemami<\/li>\n<li>Os\u00f3b zaniepokojonych utrat\u0105 elastyczno\u015bci sk\u00f3ry<\/li>\n<\/ul>\n<h3>G\u0142\u00f3wne sk\u0142adniki<\/h3>\n<ul>\n<li>24K z\u0142oto<\/li>\n<li>Filtrat ze \u015bluzu \u015blimaka<\/li>\n<li>Hialuronian sodu<\/li>\n<\/ul>\n","protected":false},"excerpt":{"rendered":"<p>Krem wyg\u0142adzaj\u0105cy z 24-karatowym z\u0142otem, 14-dniowa kuracja, 30 ml<\/p>\n","protected":false},"featured_media":1504,"comment_status":"open","ping_status":"closed","template":"","meta":{"_kad_blocks_custom_css":"","_kad_blocks_head_custom_js":"","_kad_blocks_body_custom_js":"","_kad_blocks_footer_custom_js":"","_kad_post_transparent":"default","_kad_post_title":"","_kad_post_layout":"default","_kad_post_sidebar_id":"","_kad_post_content_style":"default","_kad_post_vertical_padding":"default","_kad_post_feature":"","_kad_post_feature_position":"","_kad_post_header":false,"_kad_post_footer":false,"_kad_post_classname":""},"product_brand":[],"product_cat":[16],"product_tag":[60],"class_list":{"0":"post-303","1":"product","2":"type-product","3":"status-publish","4":"has-post-thumbnail","6":"product_cat-pielegnacja-skory","7":"product_tag-wyroznione","9":"first","10":"instock","11":"taxable","12":"shipping-taxable","13":"purchasable","14":"product-type-simple","15":"entry","16":"content-bg","17":"loop-entry"},"taxonomy_info":{"product_cat":[{"value":16,"label":"Piel\u0119gnacja sk\u00f3ry"}],"product_tag":[{"value":60,"label":"Wyr\u00f3\u017cnione"}]},"featured_image_src_large":["https:\/\/lamelin2.infit.com.pl\/wp-content\/uploads\/2026\/03\/lamelin-krem-korygujaco-wygladzajacy-24k-zloto\u201314-dniowa-kuracja.webp",1000,1000,false],"author_info":[],"comment_info":0,"_links":{"self":[{"href":"https:\/\/lamelin2.infit.com.pl\/index.php?rest_route=\/wp\/v2\/product\/303","targetHints":{"allow":["GET"]}}],"collection":[{"href":"https:\/\/lamelin2.infit.com.pl\/index.php?rest_route=\/wp\/v2\/product"}],"about":[{"href":"https:\/\/lamelin2.infit.com.pl\/index.php?rest_route=\/wp\/v2\/types\/product"}],"replies":[{"embeddable":true,"href":"https:\/\/lamelin2.infit.com.pl\/index.php?rest_route=%2Fwp%2Fv2%2Fcomments&post=303"}],"wp:featuredmedia":[{"embeddable":true,"href":"https:\/\/lamelin2.infit.com.pl\/index.php?rest_route=\/wp\/v2\/media\/1504"}],"wp:attachment":[{"href":"https:\/\/lamelin2.infit.com.pl\/index.php?rest_route=%2Fwp%2Fv2%2Fmedia&parent=303"}],"wp:term":[{"taxonomy":"product_brand","embeddable":true,"href":"https:\/\/lamelin2.infit.com.pl\/index.php?rest_route=%2Fwp%2Fv2%2Fproduct_brand&post=303"},{"taxonomy":"product_cat","embeddable":true,"href":"https:\/\/lamelin2.infit.com.pl\/index.php?rest_route=%2Fwp%2Fv2%2Fproduct_cat&post=303"},{"taxonomy":"product_tag","embeddable":true,"href":"https:\/\/lamelin2.infit.com.pl\/index.php?rest_route=%2Fwp%2Fv2%2Fproduct_tag&post=303"}],"curies":[{"name":"wp","href":"https:\/\/api.w.org\/{rel}","templated":true}]}}