{"id":1135,"date":"2026-04-07T22:34:57","date_gmt":"2026-04-07T20:34:57","guid":{"rendered":"https:\/\/lamelin2.infit.com.pl\/?post_type=product&#038;p=1135"},"modified":"2026-04-21T17:31:04","modified_gmt":"2026-04-21T15:31:04","slug":"lamelin-kolagenowe-platki-pod-oczy","status":"publish","type":"product","link":"https:\/\/lamelin2.infit.com.pl\/?product=lamelin-kolagenowe-platki-pod-oczy","title":{"rendered":"LAMELIN Kolagenowe P\u0142atki Pod Oczy"},"content":{"rendered":"<p>P\u0142atki pod oczy z kolagenem 3,1 g<\/p>\n<h3>Polecany dla<\/h3>\n<ul>\n<li>Os\u00f3b zaniepokojonych utrat\u0105 elastyczno\u015bci sk\u00f3ry wok\u00f3\u0142 oczu<\/li>\n<li>Os\u00f3b potrzebuj\u0105cych nawil\u017cenia i rewitalizacji okolic oczu z oznakami zm\u0119czenia i cieniami<\/li>\n<\/ul>\n<h3>G\u0142\u00f3wne sk\u0142adniki<\/h3>\n<ul>\n<li>Hydrolizowany kolagen<\/li>\n<li>Ekstrakt z zielonej herbaty<\/li>\n<li>Proszek z soku z li\u015bci aloesu<\/li>\n<li>Alantoina<\/li>\n<\/ul>\n","protected":false},"excerpt":{"rendered":"<p>P\u0142atki pod oczy, kt\u00f3re intensywnie nawil\u017caj\u0105 i poprawiaj\u0105 elastyczno\u015b\u0107 delikatnej sk\u00f3ry wok\u00f3\u0142 oczu dzi\u0119ki zawarto\u015bci kolagenu.<\/p>\n","protected":false},"featured_media":0,"comment_status":"open","ping_status":"closed","template":"","meta":{"_kad_blocks_custom_css":"","_kad_blocks_head_custom_js":"","_kad_blocks_body_custom_js":"","_kad_blocks_footer_custom_js":"","_kad_post_transparent":"default","_kad_post_title":"","_kad_post_layout":"default","_kad_post_sidebar_id":"","_kad_post_content_style":"default","_kad_post_vertical_padding":"default","_kad_post_feature":"","_kad_post_feature_position":"","_kad_post_header":false,"_kad_post_footer":false,"_kad_post_classname":""},"product_brand":[],"product_cat":[20],"product_tag":[],"class_list":{"0":"post-1135","1":"product","2":"type-product","3":"status-publish","5":"product_cat-maseczki","7":"first","8":"instock","9":"taxable","10":"shipping-taxable","11":"purchasable","12":"product-type-simple","13":"entry","14":"content-bg","15":"loop-entry"},"taxonomy_info":{"product_cat":[{"value":20,"label":"Maseczki"}]},"featured_image_src_large":false,"author_info":[],"comment_info":0,"_links":{"self":[{"href":"https:\/\/lamelin2.infit.com.pl\/index.php?rest_route=\/wp\/v2\/product\/1135","targetHints":{"allow":["GET"]}}],"collection":[{"href":"https:\/\/lamelin2.infit.com.pl\/index.php?rest_route=\/wp\/v2\/product"}],"about":[{"href":"https:\/\/lamelin2.infit.com.pl\/index.php?rest_route=\/wp\/v2\/types\/product"}],"replies":[{"embeddable":true,"href":"https:\/\/lamelin2.infit.com.pl\/index.php?rest_route=%2Fwp%2Fv2%2Fcomments&post=1135"}],"wp:attachment":[{"href":"https:\/\/lamelin2.infit.com.pl\/index.php?rest_route=%2Fwp%2Fv2%2Fmedia&parent=1135"}],"wp:term":[{"taxonomy":"product_brand","embeddable":true,"href":"https:\/\/lamelin2.infit.com.pl\/index.php?rest_route=%2Fwp%2Fv2%2Fproduct_brand&post=1135"},{"taxonomy":"product_cat","embeddable":true,"href":"https:\/\/lamelin2.infit.com.pl\/index.php?rest_route=%2Fwp%2Fv2%2Fproduct_cat&post=1135"},{"taxonomy":"product_tag","embeddable":true,"href":"https:\/\/lamelin2.infit.com.pl\/index.php?rest_route=%2Fwp%2Fv2%2Fproduct_tag&post=1135"}],"curies":[{"name":"wp","href":"https:\/\/api.w.org\/{rel}","templated":true}]}}

LAMELIN Kolagenowe Płatki Pod Oczy

<p>Płatki pod oczy z kolagenem 3,1 g</p>
<h3>Polecany dla</h3>
<ul>
<li>Osób zaniepokojonych utratą elastyczności skóry wokół oczu</li>
<li>Osób potrzebujących nawilżenia i rewitalizacji okolic oczu z oznakami zmęczenia i cieniami</li>
</ul>
<h3>Główne składniki</h3>
<ul>
<li>Hydrolizowany kolagen</li>
<li>Ekstrakt z zielonej herbaty</li>
<li>Proszek z soku z liści aloesu</li>
<li>Alantoina</li>
</ul>

<p>Płatki pod oczy, które intensywnie nawilżają i poprawiają elastyczność delikatnej skóry wokół oczu dzięki zawartości kolagenu.</p>
